CRAN Package Check Results for Package RCPA

Last updated on 2025-06-15 10:49:29 CEST.

Flavor Version Tinstall Tcheck Ttotal Status Flags
r-devel-linux-x86_64-debian-clang 0.2.6 52.46 363.35 415.81 OK
r-devel-linux-x86_64-debian-gcc 0.2.6 34.94 259.19 294.13 OK
r-devel-linux-x86_64-fedora-clang 0.2.6 669.21 OK
r-devel-linux-x86_64-fedora-gcc 0.2.6 649.60 OK
r-devel-windows-x86_64 0.2.6 47.00 333.00 380.00 OK
r-patched-linux-x86_64 0.2.6 46.66 344.61 391.27 OK
r-release-linux-x86_64 0.2.6 48.20 344.72 392.92 OK
r-release-macos-arm64 0.2.6 167.00 OK
r-release-macos-x86_64 0.2.6 314.00 OK
r-release-windows-x86_64 0.2.6 49.00 321.00 370.00 OK
r-oldrel-macos-arm64 0.2.6 175.00 NOTE
r-oldrel-macos-x86_64 0.2.6 387.00 NOTE
r-oldrel-windows-x86_64 0.2.6 62.00 441.00 503.00 NOTE

Check Details

Version: 0.2.6
Check: package dependencies
Result: NOTE Packages suggested but not available for checking: 'hgu133plus2.db', 'pd.hg.u133.plus.2' Flavor: r-oldrel-macos-arm64

Version: 0.2.6
Check: package dependencies
Result: NOTE Package suggested but not available for checking: ‘pd.hg.u133.plus.2’ Flavors: r-oldrel-macos-x86_64, r-oldrel-windows-x86_64