CRAN Package Check Results for Package RAMClustR

Last updated on 2024-06-22 04:49:06 CEST.

Flavor Version Tinstall Tcheck Ttotal Status Flags
r-devel-linux-x86_64-debian-clang 1.3.1 19.01 201.87 220.88 OK
r-devel-linux-x86_64-debian-gcc 1.3.1 11.79 153.96 165.75 OK
r-devel-linux-x86_64-fedora-clang 1.3.1 285.21 OK
r-devel-linux-x86_64-fedora-gcc 1.3.1 279.83 OK
r-devel-windows-x86_64 1.3.1 16.00 165.00 181.00 OK
r-patched-linux-x86_64 1.3.1 17.16 189.38 206.54 OK
r-release-linux-x86_64 1.3.1 17.31 192.96 210.27 OK
r-release-macos-arm64 1.3.1 86.00 OK
r-release-macos-x86_64 1.3.1 137.00 OK
r-release-windows-x86_64 1.3.1 16.00 165.00 181.00 OK
r-oldrel-macos-arm64 1.3.1 70.00 NOTE
r-oldrel-macos-x86_64 1.3.1 103.00 NOTE
r-oldrel-windows-x86_64 1.3.1 18.00 199.00 217.00 OK

Check Details

Version: 1.3.1
Check: package dependencies
Result: NOTE Packages suggested but not available for checking: 'xcms', 'MSnbase' Flavors: r-oldrel-macos-arm64, r-oldrel-macos-x86_64