CRAN Package Check Results for Package R2admb

Last updated on 2024-05-20 19:51:40 CEST.

Flavor Version Tinstall Tcheck Ttotal Status Flags
r-devel-linux-x86_64-debian-clang 0.7.16.3 3.73 60.12 63.85 NOTE
r-devel-linux-x86_64-debian-gcc 0.7.16.3 3.58 47.00 50.58 NOTE
r-devel-linux-x86_64-fedora-clang 0.7.16.3 83.33 NOTE
r-devel-linux-x86_64-fedora-gcc 0.7.16.3 92.53 NOTE
r-devel-windows-x86_64 0.7.16.3 4.00 89.00 93.00 NOTE
r-patched-linux-x86_64 0.7.16.3 5.63 60.57 66.20 NOTE
r-release-linux-x86_64 0.7.16.3 4.25 57.94 62.19 NOTE
r-release-macos-arm64 0.7.16.3 33.00 NOTE
r-release-windows-x86_64 0.7.16.3 5.00 86.00 91.00 NOTE
r-oldrel-macos-arm64 0.7.16.3 35.00 OK
r-oldrel-macos-x86_64 0.7.16.3 54.00 OK
r-oldrel-windows-x86_64 0.7.16.3 6.00 87.00 93.00 OK

Check Details

Version: 0.7.16.3
Check: Rd files
Result: NOTE checkRd: (-1) do_admb.Rd:20: Lost braces in \itemize; meant \describe ? checkRd: (-1) do_admb.Rd:21: Lost braces in \itemize; meant \describe ? checkRd: (-1) do_admb.Rd:49: Lost braces in \itemize; meant \describe ? checkRd: (-1) read_pars.Rd:30: Lost braces in \itemize; \value handles \item{}{} directly checkRd: (-1) read_pars.Rd:31: Lost braces in \itemize; \value handles \item{}{} directly checkRd: (-1) read_pars.Rd:32: Lost braces in \itemize; \value handles \item{}{} directly checkRd: (-1) read_pars.Rd:33: Lost braces in \itemize; \value handles \item{}{} directly checkRd: (-1) read_pars.Rd:34: Lost braces in \itemize; \value handles \item{}{} directly checkRd: (-1) read_pars.Rd:35: Lost braces in \itemize; \value handles \item{}{} directly checkRd: (-1) read_pars.Rd:36: Lost braces in \itemize; \value handles \item{}{} directly checkRd: (-1) read_pars.Rd:37: Lost braces in \itemize; \value handles \item{}{} directly checkRd: (-1) read_pars.Rd:38: Lost braces in \itemize; \value handles \item{}{} directly checkRd: (-1) read_pars.Rd:39: Lost braces in \itemize; \value handles \item{}{} directly Flavors: r-devel-linux-x86_64-debian-clang, r-devel-linux-x86_64-debian-gcc, r-devel-linux-x86_64-fedora-clang, r-devel-linux-x86_64-fedora-gcc, r-devel-windows-x86_64, r-patched-linux-x86_64, r-release-linux-x86_64, r-release-macos-arm64, r-release-windows-x86_64