Last updated on 2023-01-31 17:54:15 CET.
Flavor | Version | Tinstall | Tcheck | Ttotal | Status | Flags |
---|---|---|---|---|---|---|
r-devel-linux-x86_64-debian-clang | 2.0 | 4.65 | 43.70 | 48.35 | OK | |
r-devel-linux-x86_64-debian-gcc | 2.0 | 3.46 | 34.04 | 37.50 | OK | |
r-devel-linux-x86_64-fedora-clang | 2.0 | 62.86 | NOTE | |||
r-devel-linux-x86_64-fedora-gcc | 2.0 | 63.18 | NOTE | |||
r-devel-windows-x86_64 | 2.0 | 19.00 | 74.00 | 93.00 | OK | |
r-patched-linux-x86_64 | 2.0 | 4.37 | 42.26 | 46.63 | OK | |
r-release-linux-x86_64 | 2.0 | 4.55 | 41.88 | 46.43 | OK | |
r-release-macos-arm64 | 2.0 | 21.00 | NOTE | |||
r-release-macos-x86_64 | 2.0 | 30.00 | NOTE | |||
r-release-windows-x86_64 | 2.0 | 19.00 | 79.00 | 98.00 | OK | |
r-oldrel-macos-arm64 | 2.0 | 21.00 | NOTE | |||
r-oldrel-macos-x86_64 | 2.0 | 29.00 | NOTE | |||
r-oldrel-windows-ix86+x86_64 | 2.0 | 9.00 | 69.00 | 78.00 | OK |
Version: 2.0
Check: dependencies in R code
Result: NOTE
Namespace in Imports field not imported from: ‘methods’
All declared Imports should be used.
Flavors: r-devel-linux-x86_64-fedora-clang, r-devel-linux-x86_64-fedora-gcc, r-release-macos-arm64, r-release-macos-x86_64, r-oldrel-macos-arm64, r-oldrel-macos-x86_64