CRAN Package Check Results for Package QTOCen

Last updated on 2024-05-30 07:59:02 CEST.

Flavor Version Tinstall Tcheck Ttotal Status Flags
r-devel-linux-x86_64-debian-clang 0.1.1 10.18 122.15 132.33 NOTE
r-devel-linux-x86_64-debian-gcc 0.1.1 7.11 87.26 94.37 NOTE
r-devel-linux-x86_64-fedora-clang 0.1.1 163.46 NOTE
r-devel-linux-x86_64-fedora-gcc 0.1.1 154.59 NOTE
r-devel-windows-x86_64 0.1.1 8.00 103.00 111.00 NOTE
r-patched-linux-x86_64 0.1.1 8.23 114.19 122.42 NOTE
r-release-linux-x86_64 0.1.1 9.12 113.58 122.70 NOTE
r-release-macos-arm64 0.1.1 43.00 NOTE
r-release-windows-x86_64 0.1.1 9.00 104.00 113.00 NOTE
r-oldrel-macos-arm64 0.1.1 54.00 NOTE
r-oldrel-macos-x86_64 0.1.1 85.00 NOTE
r-oldrel-windows-x86_64 0.1.1 12.00 128.00 140.00 NOTE

Check Details

Version: 0.1.1
Check: Rd files
Result: NOTE checkRd: (-1) IPWE_mean_IndCen.Rd:54-57: Lost braces in \itemize; \value handles \item{}{} directly checkRd: (-1) IPWE_mean_IndCen.Rd:58: Lost braces in \itemize; \value handles \item{}{} directly checkRd: (-1) IPWE_mean_IndCen.Rd:59: Lost braces in \itemize; \value handles \item{}{} directly checkRd: (-1) IPWE_mean_IndCen.Rd:60: Lost braces in \itemize; \value handles \item{}{} directly checkRd: (-1) IPWE_mean_IndCen.Rd:61-62: Lost braces in \itemize; \value handles \item{}{} directly checkRd: (-1) IPWE_mean_IndCen.Rd:63: Lost braces in \itemize; \value handles \item{}{} directly checkRd: (-1) simJLSDdata.Rd:14: Lost braces; missing escapes or markup? 14 | \item{case}{string. One of {"a", "b", "c"}, corresponding to three models.} | ^ checkRd: (-1) simJLSDdata.Rd:30: Lost braces in \itemize; \value handles \item{}{} directly checkRd: (-1) simJLSDdata.Rd:31: Lost braces in \itemize; \value handles \item{}{} directly checkRd: (-1) simJLSDdata.Rd:32-34: Lost braces in \itemize; \value handles \item{}{} directly checkRd: (-1) simJLSDdata.Rd:35: Lost braces in \itemize; \value handles \item{}{} directly Flavors: r-devel-linux-x86_64-debian-clang, r-devel-linux-x86_64-debian-gcc, r-devel-linux-x86_64-fedora-clang, r-devel-linux-x86_64-fedora-gcc, r-devel-windows-x86_64, r-patched-linux-x86_64, r-release-linux-x86_64, r-release-macos-arm64, r-release-windows-x86_64

Version: 0.1.1
Check: LazyData
Result: NOTE 'LazyData' is specified without a 'data' directory Flavors: r-devel-linux-x86_64-debian-clang, r-devel-linux-x86_64-debian-gcc, r-devel-linux-x86_64-fedora-clang, r-devel-linux-x86_64-fedora-gcc, r-devel-windows-x86_64, r-patched-linux-x86_64, r-release-linux-x86_64, r-release-macos-arm64, r-release-windows-x86_64, r-oldrel-macos-arm64, r-oldrel-macos-x86_64, r-oldrel-windows-x86_64

Version: 0.1.1
Check: dependencies in R code
Result: NOTE Namespace in Imports field not imported from: ‘MatrixModels’ All declared Imports should be used. Flavors: r-devel-linux-x86_64-fedora-clang, r-devel-linux-x86_64-fedora-gcc

Version: 0.1.1
Check: package dependencies
Result: NOTE Packages suggested but not available for checking: 'faraway', 'quantoptr', 'survminer' Flavor: r-oldrel-macos-x86_64