CRAN Package Check Results for Package QCAtools

Last updated on 2024-06-24 07:53:40 CEST.

Flavor Version Tinstall Tcheck Ttotal Status Flags
r-devel-linux-x86_64-debian-clang 0.2.3 7.08 56.21 63.29 NOTE
r-devel-linux-x86_64-debian-gcc 0.2.3 5.27 43.81 49.08 NOTE
r-devel-linux-x86_64-fedora-clang 0.2.3 81.55 NOTE
r-devel-linux-x86_64-fedora-gcc 0.2.3 74.29 NOTE
r-devel-windows-x86_64 0.2.3 7.00 62.00 69.00 NOTE
r-patched-linux-x86_64 0.2.3 6.34 54.54 60.88 NOTE
r-release-linux-x86_64 0.2.3 5.38 53.84 59.22 NOTE
r-release-macos-arm64 0.2.3 28.00 NOTE
r-release-macos-x86_64 0.2.3 39.00 NOTE
r-release-windows-x86_64 0.2.3 8.00 61.00 69.00 NOTE
r-oldrel-macos-arm64 0.2.3 28.00 NOTE
r-oldrel-macos-x86_64 0.2.3 38.00 NOTE
r-oldrel-windows-x86_64 0.2.3 9.00 71.00 80.00 NOTE

Check Details

Version: 0.2.3
Check: LazyData
Result: NOTE 'LazyData' is specified without a 'data' directory Flavors: r-devel-linux-x86_64-debian-clang, r-devel-linux-x86_64-debian-gcc, r-devel-linux-x86_64-fedora-clang, r-devel-linux-x86_64-fedora-gcc, r-devel-windows-x86_64, r-patched-linux-x86_64, r-release-linux-x86_64, r-release-macos-arm64, r-release-macos-x86_64, r-release-windows-x86_64, r-oldrel-macos-arm64, r-oldrel-macos-x86_64, r-oldrel-windows-x86_64