CRAN Package Check Results for Package QCA

Last updated on 2024-07-20 08:49:50 CEST.

Flavor Version Tinstall Tcheck Ttotal Status Flags
r-devel-linux-x86_64-debian-clang 3.22 30.64 143.14 173.78 OK
r-devel-linux-x86_64-debian-gcc 3.22 21.35 100.02 121.37 OK
r-devel-linux-x86_64-fedora-clang 3.22 202.06 NOTE
r-devel-linux-x86_64-fedora-gcc 3.22 207.68 OK
r-devel-windows-x86_64 3.22 32.00 114.00 146.00 NOTE
r-patched-linux-x86_64 3.22 31.76 134.06 165.82 OK
r-release-linux-x86_64 3.22 30.72 131.35 162.07 OK
r-release-macos-arm64 3.22 51.00 NOTE
r-release-macos-x86_64 3.22 79.00 NOTE
r-release-windows-x86_64 3.22 31.00 113.00 144.00 NOTE
r-oldrel-macos-arm64 3.22 55.00 NOTE
r-oldrel-macos-x86_64 3.22 125.00 NOTE
r-oldrel-windows-x86_64 3.22 39.00 138.00 177.00 NOTE

Additional issues

rchk

Check Details

Version: 3.22
Check: installed package size
Result: NOTE installed size is 5.8Mb sub-directories of 1Mb or more: gui 1.7Mb staticdocs 3.3Mb Flavors: r-devel-linux-x86_64-fedora-clang, r-devel-windows-x86_64, r-release-macos-arm64, r-release-macos-x86_64, r-release-windows-x86_64, r-oldrel-macos-arm64, r-oldrel-macos-x86_64, r-oldrel-windows-x86_64

Version: 3.22
Check: Rd cross-references
Result: NOTE Found the following Rd file(s) with Rd \link{} targets missing package anchors: minimize.Rd: factorize modelFit.Rd: negate Please provide package anchors for all Rd \link{} targets not in the package itself and the base packages. Flavor: r-devel-windows-x86_64