CRAN Package Check Results for Package PolicyPortfolios

Last updated on 2024-05-25 19:54:29 CEST.

Flavor Version Tinstall Tcheck Ttotal Status Flags
r-devel-linux-x86_64-debian-clang 0.3 11.66 125.09 136.75 OK
r-devel-linux-x86_64-debian-gcc 0.3 10.03 91.62 101.65 OK
r-devel-linux-x86_64-fedora-clang 0.3 183.64 NOTE
r-devel-linux-x86_64-fedora-gcc 0.3 182.60 NOTE
r-devel-windows-x86_64 0.3 12.00 101.00 113.00 OK
r-patched-linux-x86_64 0.3 15.03 118.75 133.78 OK
r-release-linux-x86_64 0.3 12.63 116.60 129.23 OK
r-release-macos-arm64 0.3 51.00 OK
r-release-windows-x86_64 0.3 11.00 101.00 112.00 OK
r-oldrel-macos-arm64 0.3 56.00 OK
r-oldrel-macos-x86_64 0.3 92.00 OK
r-oldrel-windows-x86_64 0.3 15.00 130.00 145.00 OK

Check Details

Version: 0.3
Check: data for non-ASCII characters
Result: NOTE Note: found 21 marked UTF-8 strings Flavors: r-devel-linux-x86_64-fedora-clang, r-devel-linux-x86_64-fedora-gcc