CRAN Package Check Results for Package PartialNetwork

Last updated on 2024-04-14 07:57:23 CEST.

Flavor Version Tinstall Tcheck Ttotal Status Flags
r-devel-linux-x86_64-debian-clang 1.0.3 428.21 139.55 567.76 OK
r-devel-linux-x86_64-debian-gcc 1.0.3 336.90 108.77 445.67 OK
r-devel-linux-x86_64-fedora-clang 1.0.3 753.08 NOTE
r-devel-linux-x86_64-fedora-gcc 1.0.3 836.80 OK
r-devel-windows-x86_64 1.0.3 292.00 201.00 493.00 NOTE
r-patched-linux-x86_64 1.0.3 413.40 134.94 548.34 OK
r-release-linux-x86_64 1.0.3 418.42 135.83 554.25 OK
r-release-macos-arm64 1.0.3 139.00 NOTE
r-release-macos-x86_64 1.0.3 253.00 NOTE
r-release-windows-x86_64 1.0.3 381.00 218.00 599.00 NOTE
r-oldrel-macos-arm64 1.0.3 176.00 NOTE
r-oldrel-windows-x86_64 1.0.3 371.00 214.00 585.00 NOTE

Check Details

Version: 1.0.3
Check: installed package size
Result: NOTE installed size is 6.2Mb sub-directories of 1Mb or more: doc 3.3Mb libs 2.5Mb Flavors: r-devel-linux-x86_64-fedora-clang, r-devel-windows-x86_64, r-release-macos-arm64, r-release-macos-x86_64, r-release-windows-x86_64, r-oldrel-macos-arm64, r-oldrel-windows-x86_64