CRAN Package Check Results for Package PakPC2017

Last updated on 2024-06-19 07:57:49 CEST.

Flavor Version Tinstall Tcheck Ttotal Status Flags
r-devel-linux-x86_64-debian-clang 1.0.0 7.32 51.55 58.87 OK
r-devel-linux-x86_64-debian-gcc 1.0.0 6.24 38.13 44.37 OK
r-devel-linux-x86_64-fedora-clang 1.0.0 76.90 NOTE
r-devel-linux-x86_64-fedora-gcc 1.0.0 82.38 NOTE
r-devel-windows-x86_64 1.0.0 8.00 60.00 68.00 OK
r-patched-linux-x86_64 1.0.0 7.29 48.58 55.87 OK
r-release-linux-x86_64 1.0.0 6.62 47.59 54.21 OK
r-release-macos-arm64 1.0.0 29.00 OK
r-release-macos-x86_64 1.0.0 46.00 OK
r-release-windows-x86_64 1.0.0 8.00 60.00 68.00 OK
r-oldrel-macos-arm64 1.0.0 33.00 OK
r-oldrel-macos-x86_64 1.0.0 48.00 OK
r-oldrel-windows-x86_64 1.0.0 9.00 64.00 73.00 OK

Check Details

Version: 1.0.0
Check: dependencies in R code
Result: NOTE Namespace in Imports field not imported from: ‘stats’ All declared Imports should be used. Flavors: r-devel-linux-x86_64-fedora-clang, r-devel-linux-x86_64-fedora-gcc