CRAN Package Check Results for Package PTXQC

Last updated on 2024-06-12 19:54:32 CEST.

Flavor Version Tinstall Tcheck Ttotal Status Flags
r-devel-linux-x86_64-debian-clang 1.1.1 23.28 264.15 287.43 OK
r-devel-linux-x86_64-debian-gcc 1.1.1 0.74 1.93 2.67 ERROR
r-devel-linux-x86_64-fedora-clang 1.1.1 359.77 NOTE
r-devel-linux-x86_64-fedora-gcc 1.1.1 336.25 OK
r-devel-windows-x86_64 1.1.1 20.00 208.00 228.00 NOTE
r-patched-linux-x86_64 1.1.1 17.65 250.55 268.20 OK
r-release-linux-x86_64 1.1.1 14.81 248.07 262.88 OK
r-release-macos-arm64 1.1.1 101.00 NOTE
r-release-macos-x86_64 1.1.1 143.00 NOTE
r-release-windows-x86_64 1.1.1 19.00 210.00 229.00 NOTE
r-oldrel-macos-arm64 1.1.1 112.00 NOTE
r-oldrel-macos-x86_64 1.1.1 234.00 NOTE
r-oldrel-windows-x86_64 1.1.1 26.00 262.00 288.00 NOTE

Check Details

Version: 1.1.1
Check: package dependencies
Result: ERROR Packages required but not available: 'ggplot2', 'ggdendro', 'htmlTable', 'R6P', 'reshape2', 'rmzqc', 'UpSetR' Package suggested but not available for checking: ‘testthat’ See section ‘The DESCRIPTION file’ in the ‘Writing R Extensions’ manual. Flavor: r-devel-linux-x86_64-debian-gcc

Version: 1.1.1
Check: installed package size
Result: NOTE installed size is 7.9Mb sub-directories of 1Mb or more: doc 4.0Mb examples 2.6Mb Flavors: r-devel-linux-x86_64-fedora-clang, r-devel-windows-x86_64, r-release-macos-arm64, r-release-macos-x86_64, r-release-windows-x86_64, r-oldrel-macos-arm64, r-oldrel-macos-x86_64, r-oldrel-windows-x86_64