Last updated on 2023-01-31 17:54:15 CET.
Flavor | Version | Tinstall | Tcheck | Ttotal | Status | Flags |
---|---|---|---|---|---|---|
r-devel-linux-x86_64-debian-clang | 3.2.8 | 91.08 | 112.84 | 203.92 | NOTE | |
r-devel-linux-x86_64-debian-gcc | 3.2.8 | 75.56 | 83.63 | 159.19 | NOTE | |
r-devel-linux-x86_64-fedora-clang | 3.2.8 | 259.05 | NOTE | |||
r-devel-linux-x86_64-fedora-gcc | 3.2.8 | 259.81 | NOTE | |||
r-devel-windows-x86_64 | 3.2.8 | 83.00 | 166.00 | 249.00 | NOTE | |
r-patched-linux-x86_64 | 3.2.8 | 76.40 | 107.66 | 184.06 | OK | |
r-release-linux-x86_64 | 3.2.8 | 75.13 | 109.46 | 184.59 | OK | |
r-release-macos-arm64 | 3.2.8 | 72.00 | NOTE | |||
r-release-macos-x86_64 | 3.2.8 | 90.00 | NOTE | |||
r-release-windows-x86_64 | 3.2.8 | 74.00 | 175.00 | 249.00 | OK | |
r-oldrel-macos-arm64 | 3.2.8 | 73.00 | NOTE | |||
r-oldrel-macos-x86_64 | 3.2.8 | 92.00 | NOTE | |||
r-oldrel-windows-ix86+x86_64 | 3.2.8 | 188.00 | 186.00 | 374.00 | OK |
Version: 3.2.8
Check: C++ specification
Result: NOTE
Specified C++11: please update to current default of C++17
Flavors: r-devel-linux-x86_64-debian-clang, r-devel-linux-x86_64-debian-gcc, r-devel-linux-x86_64-fedora-clang, r-devel-linux-x86_64-fedora-gcc, r-devel-windows-x86_64
Version: 3.2.8
Check: installed package size
Result: NOTE
installed size is 16.4Mb
sub-directories of 1Mb or more:
libs 16.1Mb
Flavors: r-release-macos-arm64, r-release-macos-x86_64, r-oldrel-macos-arm64, r-oldrel-macos-x86_64