CRAN Package Check Results for Package PReMiuM

Last updated on 2024-06-13 07:50:40 CEST.

Flavor Version Tinstall Tcheck Ttotal Status Flags
r-devel-linux-x86_64-debian-clang 3.2.13 102.87 111.23 214.10 OK
r-devel-linux-x86_64-debian-gcc 3.2.13 0.43 1.74 2.17 ERROR
r-devel-linux-x86_64-fedora-clang 3.2.13 271.03 OK
r-devel-linux-x86_64-fedora-gcc 3.2.13 304.68 OK
r-devel-windows-x86_64 3.2.13 77.00 113.00 190.00 OK
r-patched-linux-x86_64 3.2.13 100.49 109.53 210.02 OK
r-release-linux-x86_64 3.2.13 101.31 111.32 212.63 OK
r-release-macos-arm64 3.2.13 66.00 NOTE
r-release-macos-x86_64 3.2.13 105.00 NOTE
r-release-windows-x86_64 3.2.13 77.00 118.00 195.00 OK
r-oldrel-macos-arm64 3.2.13 69.00 NOTE
r-oldrel-macos-x86_64 3.2.13 185.00 NOTE
r-oldrel-windows-x86_64 3.2.13 92.00 143.00 235.00 OK

Check Details

Version: 3.2.13
Check: package dependencies
Result: ERROR Package required but not available: ‘ggplot2’ Package suggested but not available for checking: ‘testthat’ See section ‘The DESCRIPTION file’ in the ‘Writing R Extensions’ manual. Flavor: r-devel-linux-x86_64-debian-gcc

Version: 3.2.13
Check: installed package size
Result: NOTE installed size is 21.1Mb sub-directories of 1Mb or more: libs 20.7Mb Flavors: r-release-macos-arm64, r-release-macos-x86_64, r-oldrel-macos-arm64, r-oldrel-macos-x86_64