Last updated on 2025-01-20 16:48:30 CET.
Flavor | Version | Tinstall | Tcheck | Ttotal | Status | Flags |
---|---|---|---|---|---|---|
r-devel-linux-x86_64-debian-clang | 2.1.1 | 96.47 | 123.70 | 220.17 | OK | |
r-devel-linux-x86_64-debian-gcc | 2.1.1 | 78.63 | 85.44 | 164.07 | OK | |
r-devel-linux-x86_64-fedora-clang | 2.1.1 | 418.52 | NOTE | |||
r-devel-linux-x86_64-fedora-gcc | 2.1.1 | 427.59 | NOTE | |||
r-devel-windows-x86_64 | 2.1.1 | 101.00 | 168.00 | 269.00 | OK | |
r-patched-linux-x86_64 | 2.1.1 | 93.50 | 113.56 | 207.06 | OK | |
r-release-linux-x86_64 | 2.1.1 | 100.15 | 113.25 | 213.40 | OK | |
r-release-macos-arm64 | 2.1.1 | 95.00 | OK | |||
r-release-macos-x86_64 | 2.1.1 | 108.00 | OK | |||
r-release-windows-x86_64 | 2.1.1 | 102.00 | 170.00 | 272.00 | OK | |
r-oldrel-macos-arm64 | 2.1.1 | 116.00 | OK | |||
r-oldrel-macos-x86_64 | 2.1.1 | 199.00 | OK | |||
r-oldrel-windows-x86_64 | 2.1.1 | 131.00 | 205.00 | 336.00 | OK |
Version: 2.1.1
Check: dependencies in R code
Result: NOTE
Namespaces in Imports field not imported from:
‘PlackettLuce’ ‘StatRank’ ‘pmr’ ‘prefmod’ ‘rankdist’
All declared Imports should be used.
Flavors: r-devel-linux-x86_64-fedora-clang, r-devel-linux-x86_64-fedora-gcc