CRAN Package Check Results for Package PDN

Last updated on 2024-06-16 19:53:24 CEST.

Flavor Version Tinstall Tcheck Ttotal Status Flags
r-devel-linux-x86_64-debian-clang 0.1.0 10.66 148.64 159.30 OK
r-devel-linux-x86_64-debian-gcc 0.1.0 8.01 109.83 117.84 OK
r-devel-linux-x86_64-fedora-clang 0.1.0 208.02 NOTE
r-devel-linux-x86_64-fedora-gcc 0.1.0 195.80 NOTE
r-devel-windows-x86_64 0.1.0 10.00 114.00 124.00 OK
r-patched-linux-x86_64 0.1.0 9.24 142.92 152.16 OK
r-release-linux-x86_64 0.1.0 9.40 144.55 153.95 OK
r-release-macos-arm64 0.1.0 56.00 OK
r-release-macos-x86_64 0.1.0 104.00 OK
r-release-windows-x86_64 0.1.0 10.00 111.00 121.00 OK
r-oldrel-macos-arm64 0.1.0 63.00 OK
r-oldrel-macos-x86_64 0.1.0 106.00 OK
r-oldrel-windows-x86_64 0.1.0 14.00 148.00 162.00 OK

Check Details

Version: 0.1.0
Check: dependencies in R code
Result: NOTE Namespace in Imports field not imported from: ‘glmnet’ All declared Imports should be used. Flavors: r-devel-linux-x86_64-fedora-clang, r-devel-linux-x86_64-fedora-gcc