CRAN Package Check Results for Package PCGII

Last updated on 2024-06-24 07:53:39 CEST.

Flavor Version Tinstall Tcheck Ttotal Status Flags
r-devel-linux-x86_64-debian-clang 1.1.2 12.96 97.85 110.81 OK
r-devel-linux-x86_64-debian-gcc 1.1.2 8.92 72.32 81.24 OK
r-devel-linux-x86_64-fedora-clang 1.1.2 142.66 NOTE
r-devel-linux-x86_64-fedora-gcc 1.1.2 205.07 OK
r-devel-windows-x86_64 1.1.2 11.00 85.00 96.00 OK
r-patched-linux-x86_64 1.1.2 10.19 92.90 103.09 OK
r-release-linux-x86_64 1.1.2 9.96 93.81 103.77 OK
r-release-macos-arm64 1.1.2 48.00 NOTE
r-release-macos-x86_64 1.1.2 83.00 NOTE
r-release-windows-x86_64 1.1.2 10.00 86.00 96.00 OK
r-oldrel-macos-arm64 1.1.2 71.00 NOTE
r-oldrel-macos-x86_64 1.1.2 101.00 NOTE
r-oldrel-windows-x86_64 1.1.2 13.00 106.00 119.00 OK

Check Details

Version: 1.1.2
Check: installed package size
Result: NOTE installed size is 5.0Mb sub-directories of 1Mb or more: doc 4.9Mb Flavors: r-devel-linux-x86_64-fedora-clang, r-release-macos-arm64, r-release-macos-x86_64, r-oldrel-macos-arm64, r-oldrel-macos-x86_64