CRAN Package Check Results for Package PAMhm

Last updated on 2024-07-18 08:51:15 CEST.

Flavor Version Tinstall Tcheck Ttotal Status Flags
r-devel-linux-x86_64-debian-clang 0.1.2 8.48 87.66 96.14 OK
r-devel-linux-x86_64-debian-gcc 0.1.2 6.69 65.29 71.98 OK
r-devel-linux-x86_64-fedora-clang 0.1.2 124.29 OK
r-devel-linux-x86_64-fedora-gcc 0.1.2 136.79 OK
r-devel-windows-x86_64 0.1.2 9.00 77.00 86.00 OK
r-patched-linux-x86_64 0.1.2 5.05 81.77 86.82 OK
r-release-linux-x86_64 0.1.2 5.83 82.11 87.94 OK
r-release-macos-arm64 0.1.2 47.00 OK
r-release-macos-x86_64 0.1.2 59.00 OK
r-release-windows-x86_64 0.1.2 9.00 78.00 87.00 OK
r-oldrel-macos-arm64 0.1.2 6.00 ERROR
r-oldrel-macos-x86_64 0.1.2 68.00 OK
r-oldrel-windows-x86_64 0.1.2 11.00 92.00 103.00 OK

Check Details

Version: 0.1.2
Check: whether package can be installed
Result: ERROR Installation failed. Flavor: r-oldrel-macos-arm64