CRAN Package Check Results for Package OptHedging

Last updated on 2024-06-17 19:51:36 CEST.

Flavor Version Tinstall Tcheck Ttotal Status Flags
r-devel-linux-x86_64-debian-clang 1.0 2.66 23.71 26.37 NOTE
r-devel-linux-x86_64-debian-gcc 1.0 2.26 20.04 22.30 NOTE
r-devel-linux-x86_64-fedora-clang 1.0 34.72 NOTE
r-devel-linux-x86_64-fedora-gcc 1.0 35.28 NOTE
r-devel-windows-x86_64 1.0 5.00 43.00 48.00 NOTE
r-patched-linux-x86_64 1.0 1.80 25.81 27.61 NOTE
r-release-linux-x86_64 1.0 2.43 26.47 28.90 NOTE
r-release-macos-arm64 1.0 16.00 NOTE
r-release-macos-x86_64 1.0 21.00 NOTE
r-release-windows-x86_64 1.0 4.00 40.00 44.00 NOTE
r-oldrel-macos-arm64 1.0 18.00 NOTE
r-oldrel-macos-x86_64 1.0 22.00 NOTE
r-oldrel-windows-x86_64 1.0 5.00 43.00 48.00 NOTE

Check Details

Version: 1.0
Check: DESCRIPTION meta-information
Result: NOTE Malformed Title field: should not end in a period. Flavors: r-devel-linux-x86_64-debian-clang, r-devel-linux-x86_64-debian-gcc, r-devel-linux-x86_64-fedora-clang, r-devel-linux-x86_64-fedora-gcc, r-devel-windows-x86_64, r-patched-linux-x86_64, r-release-linux-x86_64, r-release-macos-arm64, r-release-macos-x86_64, r-release-windows-x86_64, r-oldrel-macos-arm64, r-oldrel-macos-x86_64, r-oldrel-windows-x86_64

Version: 1.0
Check: compiled code
Result: NOTE File ‘OptHedging/libs/OptHedging.so’: Found no calls to: ‘R_registerRoutines’, ‘R_useDynamicSymbols’ It is good practice to register native routines and to disable symbol search. See ‘Writing portable packages’ in the ‘Writing R Extensions’ manual. Flavors: r-devel-linux-x86_64-fedora-clang, r-devel-linux-x86_64-fedora-gcc