CRAN Package Check Results for Package OddsPlotty

Last updated on 2024-05-25 19:54:27 CEST.

Flavor Version Tinstall Tcheck Ttotal Status Flags
r-devel-linux-x86_64-debian-clang 1.0.2 5.53 68.52 74.05 OK
r-devel-linux-x86_64-debian-gcc 1.0.2 4.49 52.54 57.03 OK
r-devel-linux-x86_64-fedora-clang 1.0.2 91.80 NOTE
r-devel-linux-x86_64-fedora-gcc 1.0.2 99.75 NOTE
r-devel-windows-x86_64 1.0.2 7.00 68.00 75.00 OK
r-patched-linux-x86_64 1.0.2 5.50 65.68 71.18 OK
r-release-linux-x86_64 1.0.2 3.84 63.87 67.71 OK
r-release-macos-arm64 1.0.2 39.00 OK
r-release-windows-x86_64 1.0.2 6.00 70.00 76.00 OK
r-oldrel-macos-arm64 1.0.2 43.00 OK
r-oldrel-macos-x86_64 1.0.2 58.00 OK
r-oldrel-windows-x86_64 1.0.2 8.00 83.00 91.00 OK

Check Details

Version: 1.0.2
Check: dependencies in R code
Result: NOTE Namespaces in Imports field not imported from: ‘caret’ ‘e1071’ ‘ggthemes’ ‘mlbench’ ‘rmarkdown’ ‘tidymodels’ All declared Imports should be used. Flavors: r-devel-linux-x86_64-fedora-clang, r-devel-linux-x86_64-fedora-gcc