CRAN Package Check Results for Package OGI

Last updated on 2024-05-24 19:56:39 CEST.

Flavor Version Tinstall Tcheck Ttotal Status Flags
r-devel-linux-x86_64-debian-clang 1.0.0 2.13 25.62 27.75 NOTE
r-devel-linux-x86_64-debian-gcc 1.0.0 1.74 19.62 21.36 NOTE
r-devel-linux-x86_64-fedora-clang 1.0.0 34.71 NOTE
r-devel-linux-x86_64-fedora-gcc 1.0.0 32.40 NOTE
r-devel-windows-x86_64 1.0.0 2.00 41.00 43.00 NOTE
r-patched-linux-x86_64 1.0.0 1.91 23.93 25.84 NOTE
r-release-linux-x86_64 1.0.0 1.73 24.29 26.02 NOTE
r-release-macos-arm64 1.0.0 16.00 NOTE
r-release-windows-x86_64 1.0.0 2.00 41.00 43.00 NOTE
r-oldrel-macos-arm64 1.0.0 15.00 NOTE
r-oldrel-macos-x86_64 1.0.0 19.00 NOTE
r-oldrel-windows-x86_64 1.0.0 3.00 40.00 43.00 NOTE

Check Details

Version: 1.0.0
Check: LazyData
Result: NOTE 'LazyData' is specified without a 'data' directory Flavors: r-devel-linux-x86_64-debian-clang, r-devel-linux-x86_64-debian-gcc, r-devel-linux-x86_64-fedora-clang, r-devel-linux-x86_64-fedora-gcc, r-devel-windows-x86_64, r-patched-linux-x86_64, r-release-linux-x86_64, r-release-macos-arm64, r-release-windows-x86_64, r-oldrel-macos-arm64, r-oldrel-macos-x86_64, r-oldrel-windows-x86_64

Version: 1.0.0
Check: dependencies in R code
Result: NOTE Namespace in Imports field not imported from: ‘methods’ All declared Imports should be used. Flavors: r-devel-linux-x86_64-fedora-clang, r-devel-linux-x86_64-fedora-gcc