CRAN Package Check Results for Package MigrationDetectR

Last updated on 2024-06-19 07:57:47 CEST.

Flavor Version Tinstall Tcheck Ttotal Status Flags
r-devel-linux-x86_64-debian-clang 0.1.1 7.82 56.36 64.18 OK
r-devel-linux-x86_64-debian-gcc 0.1.1 4.77 41.84 46.61 OK
r-devel-linux-x86_64-fedora-clang 0.1.1 81.74 NOTE
r-devel-linux-x86_64-fedora-gcc 0.1.1 74.99 NOTE
r-devel-windows-x86_64 0.1.1 8.00 57.00 65.00 OK
r-patched-linux-x86_64 0.1.1 4.60 54.43 59.03 OK
r-release-linux-x86_64 0.1.1 4.56 53.63 58.19 OK
r-release-macos-arm64 0.1.1 27.00 OK
r-release-macos-x86_64 0.1.1 37.00 OK
r-release-windows-x86_64 0.1.1 7.00 67.00 74.00 OK
r-oldrel-macos-arm64 0.1.1 26.00 OK
r-oldrel-macos-x86_64 0.1.1 50.00 OK
r-oldrel-windows-x86_64 0.1.1 8.00 65.00 73.00 OK

Check Details

Version: 0.1.1
Check: dependencies in R code
Result: NOTE Namespace in Imports field not imported from: ‘lifecycle’ All declared Imports should be used. Flavors: r-devel-linux-x86_64-fedora-clang, r-devel-linux-x86_64-fedora-gcc