CRAN Package Check Results for Package MetaLandSim

Last updated on 2024-06-14 07:53:04 CEST.

Flavor Version Tinstall Tcheck Ttotal Status Flags
r-devel-linux-x86_64-debian-clang 2.0.0 45.64 442.77 488.41 NOTE
r-devel-linux-x86_64-debian-gcc 2.0.0 32.55 306.15 338.70 NOTE
r-devel-linux-x86_64-fedora-clang 2.0.0 575.94 NOTE
r-devel-linux-x86_64-fedora-gcc 2.0.0 556.21 NOTE
r-devel-windows-x86_64 2.0.0 30.00 316.00 346.00 NOTE
r-patched-linux-x86_64 2.0.0 47.25 414.37 461.62 NOTE
r-release-linux-x86_64 2.0.0 43.61 407.62 451.23 NOTE
r-release-macos-arm64 2.0.0 131.00 NOTE
r-release-macos-x86_64 2.0.0 218.00 NOTE
r-release-windows-x86_64 2.0.0 31.00 314.00 345.00 NOTE
r-oldrel-macos-arm64 2.0.0 157.00 NOTE
r-oldrel-macos-x86_64 2.0.0 293.00 NOTE
r-oldrel-windows-x86_64 2.0.0 42.00 383.00 425.00 NOTE

Check Details

Version: 2.0.0
Check: Rd files
Result: NOTE checkRd: (-1) rland.graph.Rd:27: Lost braces in \itemize; \value handles \item{}{} directly checkRd: (-1) rland.graph.Rd:28: Lost braces in \itemize; \value handles \item{}{} directly checkRd: (-1) rland.graph.Rd:29: Lost braces in \itemize; \value handles \item{}{} directly checkRd: (-1) rland.graph.Rd:30: Lost braces in \itemize; \value handles \item{}{} directly checkRd: (-1) rland.graph.Rd:31: Lost braces in \itemize; \value handles \item{}{} directly checkRd: (-1) rland.graph.Rd:32: Lost braces in \itemize; \value handles \item{}{} directly checkRd: (-1) rland.graph.Rd:33-34: Lost braces in \itemize; \value handles \item{}{} directly Flavors: r-devel-linux-x86_64-debian-clang, r-devel-linux-x86_64-debian-gcc, r-devel-linux-x86_64-fedora-clang, r-devel-linux-x86_64-fedora-gcc, r-devel-windows-x86_64, r-patched-linux-x86_64, r-release-linux-x86_64, r-release-macos-arm64, r-release-macos-x86_64, r-release-windows-x86_64

Version: 2.0.0
Check: installed package size
Result: NOTE installed size is 14.4Mb sub-directories of 1Mb or more: data 3.0Mb examples 10.3Mb Flavors: r-devel-linux-x86_64-fedora-clang, r-devel-windows-x86_64, r-release-macos-arm64, r-release-macos-x86_64, r-release-windows-x86_64, r-oldrel-macos-arm64, r-oldrel-macos-x86_64, r-oldrel-windows-x86_64