CRAN Package Check Results for Package MarkowitzR

Last updated on 2024-05-29 07:58:07 CEST.

Flavor Version Tinstall Tcheck Ttotal Status Flags
r-devel-linux-x86_64-debian-clang 1.0.3 2.84 63.87 66.71 WARN
r-devel-linux-x86_64-debian-gcc 1.0.3 1.94 48.63 50.57 WARN
r-devel-linux-x86_64-fedora-clang 1.0.3 87.25 OK
r-devel-linux-x86_64-fedora-gcc 1.0.3 95.19 OK
r-devel-windows-x86_64 1.0.3 3.00 107.00 110.00 OK
r-patched-linux-x86_64 1.0.3 2.64 63.31 65.95 OK
r-release-linux-x86_64 1.0.3 2.28 63.95 66.23 OK
r-release-macos-arm64 1.0.3 40.00 OK
r-release-windows-x86_64 1.0.3 3.00 93.00 96.00 OK
r-oldrel-macos-arm64 1.0.3 45.00 OK
r-oldrel-macos-x86_64 1.0.3 118.00 OK
r-oldrel-windows-x86_64 1.0.3 3.00 94.00 97.00 OK

Check Details

Version: 1.0.3
Check: re-building of vignette outputs
Result: WARN Error(s) in re-building vignettes: ... --- re-building ‘AsymptoticMarkowitz.Rnw’ using knitr --- finished re-building ‘AsymptoticMarkowitz.Rnw’ --- re-building ‘MarkowitzR.Rnw’ using knitr Error: processing vignette 'MarkowitzR.Rnw' failed with diagnostics: Running 'texi2dvi' on 'MarkowitzR.tex' failed. LaTeX errors: ! Undefined control sequence. l.389 \hlkwd{require}\hldef {(gtools)} ? ! Emergency stop. ! Emergency stop. l.389 End of file on the terminal! ! ==> Fatal error occurred, no output PDF file produced! --- failed re-building ‘MarkowitzR.Rnw’ SUMMARY: processing the following file failed: ‘MarkowitzR.Rnw’ Error: Vignette re-building failed. Execution halted Flavors: r-devel-linux-x86_64-debian-clang, r-devel-linux-x86_64-debian-gcc