CRAN Package Check Results for Package MTSYS

Last updated on 2024-05-18 07:49:11 CEST.

Flavor Version Tinstall Tcheck Ttotal Status Flags
r-devel-linux-x86_64-debian-clang 1.2.0 2.51 33.01 35.52 NOTE
r-devel-linux-x86_64-debian-gcc 1.2.0 2.09 25.23 27.32 NOTE
r-devel-linux-x86_64-fedora-clang 1.2.0 44.68 NOTE
r-devel-linux-x86_64-fedora-gcc 1.2.0 48.05 NOTE
r-devel-windows-x86_64 1.2.0 4.00 55.00 59.00 NOTE
r-patched-linux-x86_64 1.2.0 3.53 31.24 34.77 NOTE
r-release-linux-x86_64 1.2.0 2.63 30.78 33.41 NOTE
r-release-macos-arm64 1.2.0 17.00 NOTE
r-release-windows-x86_64 1.2.0 3.00 58.00 61.00 NOTE
r-oldrel-macos-arm64 1.2.0 19.00 NOTE
r-oldrel-macos-x86_64 1.2.0 25.00 NOTE
r-oldrel-windows-x86_64 1.2.0 3.00 59.00 62.00 NOTE

Check Details

Version: 1.2.0
Check: LazyData
Result: NOTE 'LazyData' is specified without a 'data' directory Flavors: r-devel-linux-x86_64-debian-clang, r-devel-linux-x86_64-debian-gcc, r-devel-linux-x86_64-fedora-clang, r-devel-linux-x86_64-fedora-gcc, r-devel-windows-x86_64, r-patched-linux-x86_64, r-release-linux-x86_64, r-release-macos-arm64, r-release-windows-x86_64, r-oldrel-macos-arm64, r-oldrel-macos-x86_64, r-oldrel-windows-x86_64