CRAN Package Check Results for Package MGMS2

Last updated on 2024-07-21 08:49:22 CEST.

Flavor Version Tinstall Tcheck Ttotal Status Flags
r-devel-linux-x86_64-debian-clang 1.0.2 4.17 59.91 64.08 NOTE
r-devel-linux-x86_64-debian-gcc 1.0.2 2.90 46.90 49.80 NOTE
r-devel-linux-x86_64-fedora-clang 1.0.2 80.13 NOTE
r-devel-linux-x86_64-fedora-gcc 1.0.2 78.45 NOTE
r-devel-windows-x86_64 1.0.2 5.00 71.00 76.00 NOTE
r-patched-linux-x86_64 1.0.2 4.82 58.48 63.30 NOTE
r-release-linux-x86_64 1.0.2 4.95 59.52 64.47 NOTE
r-release-macos-arm64 1.0.2 30.00 NOTE
r-release-macos-x86_64 1.0.2 43.00 NOTE
r-release-windows-x86_64 1.0.2 5.00 71.00 76.00 NOTE
r-oldrel-macos-arm64 1.0.2 33.00 NOTE
r-oldrel-macos-x86_64 1.0.2 49.00 NOTE
r-oldrel-windows-x86_64 1.0.2 6.00 77.00 83.00 NOTE

Check Details

Version: 1.0.2
Check: LazyData
Result: NOTE 'LazyData' is specified without a 'data' directory Flavors: r-devel-linux-x86_64-debian-clang, r-devel-linux-x86_64-debian-gcc, r-devel-linux-x86_64-fedora-clang, r-devel-linux-x86_64-fedora-gcc, r-devel-windows-x86_64, r-patched-linux-x86_64, r-release-linux-x86_64, r-release-macos-arm64, r-release-macos-x86_64, r-release-windows-x86_64, r-oldrel-macos-arm64, r-oldrel-macos-x86_64, r-oldrel-windows-x86_64