Last updated on 2023-01-31 17:54:11 CET.
Flavor | Version | Tinstall | Tcheck | Ttotal | Status | Flags |
---|---|---|---|---|---|---|
r-devel-linux-x86_64-debian-clang | 1.0.0 | 44.89 | 61.00 | 105.89 | NOTE | |
r-devel-linux-x86_64-debian-gcc | 1.0.0 | 38.97 | 40.76 | 79.73 | NOTE | |
r-devel-linux-x86_64-fedora-clang | 1.0.0 | 158.08 | NOTE | |||
r-devel-linux-x86_64-fedora-gcc | 1.0.0 | 145.74 | NOTE | |||
r-devel-windows-x86_64 | 1.0.0 | 56.00 | 115.00 | 171.00 | NOTE | |
r-patched-linux-x86_64 | 1.0.0 | 41.28 | 50.06 | 91.34 | OK | |
r-release-linux-x86_64 | 1.0.0 | 43.69 | 50.32 | 94.01 | OK | |
r-release-macos-arm64 | 1.0.0 | 37.00 | OK | |||
r-release-macos-x86_64 | 1.0.0 | 50.00 | OK | |||
r-release-windows-x86_64 | 1.0.0 | 60.00 | 115.00 | 175.00 | OK | |
r-oldrel-macos-arm64 | 1.0.0 | 40.00 | OK | |||
r-oldrel-macos-x86_64 | 1.0.0 | 52.00 | OK | |||
r-oldrel-windows-ix86+x86_64 | 1.0.0 | 132.00 | 112.00 | 244.00 | OK |
Version: 1.0.0
Check: C++ specification
Result: NOTE
Specified C++11: please update to current default of C++17
Flavors: r-devel-linux-x86_64-debian-clang, r-devel-linux-x86_64-debian-gcc, r-devel-linux-x86_64-fedora-clang, r-devel-linux-x86_64-fedora-gcc, r-devel-windows-x86_64