CRAN Package Check Results for Package MGDrivE2

Last updated on 2024-05-27 19:54:02 CEST.

Flavor Version Tinstall Tcheck Ttotal Status Flags
r-devel-linux-x86_64-debian-clang 2.1.0 15.74 612.09 627.83 NOTE
r-devel-linux-x86_64-debian-gcc 2.1.0 14.53 405.67 420.20 NOTE
r-devel-linux-x86_64-fedora-clang 2.1.0 749.88 NOTE
r-devel-linux-x86_64-fedora-gcc 2.1.0 735.83 NOTE
r-devel-windows-x86_64 2.1.0 14.00 340.00 354.00 NOTE
r-patched-linux-x86_64 2.1.0 21.31 581.93 603.24 NOTE
r-release-linux-x86_64 2.1.0 20.07 593.30 613.37 NOTE
r-release-macos-arm64 2.1.0 118.00 ERROR
r-release-windows-x86_64 2.1.0 15.00 347.00 362.00 NOTE
r-oldrel-macos-arm64 2.1.0 192.00 OK
r-oldrel-macos-x86_64 2.1.0 300.00 OK
r-oldrel-windows-x86_64 2.1.0 17.00 457.00 474.00 OK

Check Details

Version: 2.1.0
Check: Rd files
Result: NOTE checkRd: (-1) summarize_stats_CSV.Rd:81: Lost braces; missing escapes or markup? 81 | {stage}\emph{Mean}(patchNum).csv and {stage}\emph{Quantile}(quantNum)_(patchNum).csv. | ^ checkRd: (-1) summarize_stats_CSV.Rd:81: Lost braces; missing escapes or markup? 81 | {stage}\emph{Mean}(patchNum).csv and {stage}\emph{Quantile}(quantNum)_(patchNum).csv. | ^ checkRd: (-1) summarize_stats_CSV_decoupled.Rd:84: Lost braces; missing escapes or markup? 84 | {stage}\emph{Mean}(patchNum).csv and {stage}\emph{Quantile}(quantNum)_(patchNum).csv. | ^ checkRd: (-1) summarize_stats_CSV_decoupled.Rd:84: Lost braces; missing escapes or markup? 84 | {stage}\emph{Mean}(patchNum).csv and {stage}\emph{Quantile}(quantNum)_(patchNum).csv. | ^ Flavors: r-devel-linux-x86_64-debian-clang, r-devel-linux-x86_64-debian-gcc, r-devel-linux-x86_64-fedora-clang, r-devel-linux-x86_64-fedora-gcc, r-devel-windows-x86_64, r-patched-linux-x86_64, r-release-linux-x86_64, r-release-macos-arm64, r-release-windows-x86_64

Version: 2.1.0
Check: re-building of vignette outputs
Result: ERROR Error(s) in re-building vignettes: --- re-building ‘advanced_topics.Rmd’ using rmarkdown --- finished re-building ‘advanced_topics.Rmd’ --- re-building ‘epi-SEIR.Rmd’ using rmarkdown --- finished re-building ‘epi-SEIR.Rmd’ --- re-building ‘epi-network.Rmd’ using rmarkdown --- finished re-building ‘epi-network.Rmd’ --- re-building ‘epi-node-Imperial-decoupled.Rmd’ using rmarkdown --- finished re-building ‘epi-node-Imperial-decoupled.Rmd’ --- re-building ‘epi-node-SIS-decoupled.Rmd’ using rmarkdown --- finished re-building ‘epi-node-SIS-decoupled.Rmd’ --- re-building ‘epi-node.Rmd’ using rmarkdown --- finished re-building ‘epi-node.Rmd’ --- re-building ‘inhomogeneous.Rmd’ using rmarkdown Quitting from lines 42-50 [unnamed-chunk-2] (inhomogeneous.Rmd) Error: processing vignette 'inhomogeneous.Rmd' failed with diagnostics: there is no package called 'MGDrivE' --- failed re-building ‘inhomogeneous.Rmd’ --- re-building ‘lifecycle-network.Rmd’ using rmarkdown Quitting from lines 35-46 [unnamed-chunk-2] (lifecycle-network.Rmd) Error: processing vignette 'lifecycle-network.Rmd' failed with diagnostics: there is no package called 'MGDrivE' --- failed re-building ‘lifecycle-network.Rmd’ --- re-building ‘lifecycle-node.Rmd’ using rmarkdown Quitting from lines 43-52 [unnamed-chunk-2] (lifecycle-node.Rmd) Error: processing vignette 'lifecycle-node.Rmd' failed with diagnostics: there is no package called 'MGDrivE' --- failed re-building ‘lifecycle-node.Rmd’ SUMMARY: processing the following files failed: ‘inhomogeneous.Rmd’ ‘lifecycle-network.Rmd’ ‘lifecycle-node.Rmd’ Error: Vignette re-building failed. Execution halted Flavor: r-release-macos-arm64