CRAN Package Check Results for Package LEANR

Last updated on 2024-04-18 07:58:19 CEST.

Flavor Version Tinstall Tcheck Ttotal Status Flags
r-devel-linux-x86_64-debian-clang 1.4.9 8.41 130.51 138.92 NOTE
r-devel-linux-x86_64-debian-gcc 1.4.9 7.23 93.47 100.70 NOTE
r-devel-linux-x86_64-fedora-clang 1.4.9 168.46 NOTE
r-devel-linux-x86_64-fedora-gcc 1.4.9 171.65 NOTE
r-prerel-macos-arm64 1.4.9 50.00 NOTE
r-prerel-windows-x86_64 1.4.9 8.00 117.00 125.00 NOTE
r-patched-linux-x86_64 1.4.9 7.57 123.30 130.87 NOTE
r-release-linux-x86_64 1.4.9 10.48 119.24 129.72 OK
r-release-macos-arm64 1.4.9 52.00 OK
r-release-macos-x86_64 1.4.9 81.00 OK
r-release-windows-x86_64 1.4.9 12.00 143.00 155.00 NOTE
r-oldrel-macos-arm64 1.4.9 46.00 OK
r-oldrel-windows-x86_64 1.4.9 12.00 147.00 159.00 NOTE

Check Details

Version: 1.4.9
Check: Rd files
Result: NOTE checkRd: (-1) subnet.simulation.Rd:33: Lost braces 33 | probability function used for picking attachment point in iterative construction of subnetworks. defaults to preferential attachment based on node degree. To disable preferential attachment, use prob_function=function(degs){rep(1/length(degs),length(degs))} | ^ Flavors: r-devel-linux-x86_64-debian-clang, r-devel-linux-x86_64-debian-gcc, r-devel-linux-x86_64-fedora-clang, r-devel-linux-x86_64-fedora-gcc, r-prerel-macos-arm64, r-prerel-windows-x86_64, r-patched-linux-x86_64

Version: 1.4.9
Check: Rd metadata
Result: NOTE Invalid package aliases in Rd file 'LEANR-package.Rd': ‘LEAN-package’ Flavors: r-devel-linux-x86_64-debian-clang, r-devel-linux-x86_64-debian-gcc, r-devel-linux-x86_64-fedora-clang, r-devel-linux-x86_64-fedora-gcc, r-prerel-macos-arm64, r-prerel-windows-x86_64, r-patched-linux-x86_64

Version: 1.4.9
Check: package dependencies
Result: NOTE Package suggested but not available for checking: 'doMC' Flavors: r-prerel-windows-x86_64, r-release-windows-x86_64, r-oldrel-windows-x86_64