CRAN Package Check Results for Package LCF

Last updated on 2024-05-27 19:54:00 CEST.

Flavor Version Tinstall Tcheck Ttotal Status Flags
r-devel-linux-x86_64-debian-clang 1.7.0 2.17 35.02 37.19 NOTE
r-devel-linux-x86_64-debian-gcc 1.7.0 2.11 26.67 28.78 NOTE
r-devel-linux-x86_64-fedora-clang 1.7.0 47.67 NOTE
r-devel-linux-x86_64-fedora-gcc 1.7.0 44.73 NOTE
r-devel-windows-x86_64 1.7.0 3.00 49.00 52.00 OK
r-patched-linux-x86_64 1.7.0 2.66 34.44 37.10 NOTE
r-release-linux-x86_64 1.7.0 2.55 34.83 37.38 NOTE
r-release-macos-arm64 1.7.0 16.00 OK
r-release-windows-x86_64 1.7.0 4.00 49.00 53.00 OK
r-oldrel-macos-arm64 1.7.0 19.00 OK
r-oldrel-macos-x86_64 1.7.0 29.00 OK
r-oldrel-windows-x86_64 1.7.0 4.00 50.00 54.00 OK

Check Details

Version: 1.7.0
Check: for non-standard things in the check directory
Result: NOTE Found the following files/directories: ‘temp.float.csv’ ‘temp.result.athena.csv’ Flavors: r-devel-linux-x86_64-debian-clang, r-devel-linux-x86_64-debian-gcc, r-devel-linux-x86_64-fedora-clang, r-devel-linux-x86_64-fedora-gcc, r-patched-linux-x86_64, r-release-linux-x86_64