Last updated on 2023-01-26 18:49:24 CET.
Flavor | Version | Tinstall | Tcheck | Ttotal | Status | Flags |
---|---|---|---|---|---|---|
r-devel-linux-x86_64-debian-clang | 0.3 | 1.72 | 21.35 | 23.07 | OK | |
r-devel-linux-x86_64-debian-gcc | 0.3 | 1.96 | 16.70 | 18.66 | OK | |
r-devel-linux-x86_64-fedora-clang | 0.3 | 30.03 | NOTE | |||
r-devel-linux-x86_64-fedora-gcc | 0.3 | 32.10 | NOTE | |||
r-devel-windows-x86_64 | 0.3 | 17.00 | 50.00 | 67.00 | OK | |
r-patched-linux-x86_64 | 0.3 | 2.53 | 21.57 | 24.10 | OK | |
r-release-linux-x86_64 | 0.3 | 2.08 | 22.34 | 24.42 | OK | |
r-release-macos-arm64 | 0.3 | 15.00 | NOTE | |||
r-release-macos-x86_64 | 0.3 | 24.00 | NOTE | |||
r-release-windows-x86_64 | 0.3 | 14.00 | 50.00 | 64.00 | OK | |
r-oldrel-macos-arm64 | 0.3 | 19.00 | NOTE | |||
r-oldrel-macos-x86_64 | 0.3 | 28.00 | NOTE | |||
r-oldrel-windows-ix86+x86_64 | 0.3 | 8.00 | 50.00 | 58.00 | OK |
Version: 0.3
Check: dependencies in R code
Result: NOTE
Namespaces in Imports field not imported from:
‘lme4’ ‘metafor’ ‘nlme’
All declared Imports should be used.
Flavors: r-devel-linux-x86_64-fedora-clang, r-devel-linux-x86_64-fedora-gcc, r-release-macos-arm64, r-release-macos-x86_64, r-oldrel-macos-arm64, r-oldrel-macos-x86_64