CRAN Package Check Results for Package HMMcopula

Last updated on 2024-04-18 07:58:17 CEST.

Flavor Version Tinstall Tcheck Ttotal Status Flags
r-devel-linux-x86_64-debian-clang 1.0.4 8.40 87.07 95.47 NOTE
r-devel-linux-x86_64-debian-gcc 1.0.4 8.43 65.15 73.58 NOTE
r-devel-linux-x86_64-fedora-clang 1.0.4 120.41 NOTE
r-devel-linux-x86_64-fedora-gcc 1.0.4 116.92 NOTE
r-prerel-macos-arm64 1.0.4 35.00 NOTE
r-prerel-windows-x86_64 1.0.4 8.00 78.00 86.00 NOTE
r-patched-linux-x86_64 1.0.4 10.08 82.81 92.89 NOTE
r-release-linux-x86_64 1.0.4 9.03 83.96 92.99 NOTE
r-release-macos-arm64 1.0.4 39.00 NOTE
r-release-macos-x86_64 1.0.4 63.00 NOTE
r-release-windows-x86_64 1.0.4 13.00 92.00 105.00 NOTE
r-oldrel-macos-arm64 1.0.4 36.00 NOTE
r-oldrel-windows-x86_64 1.0.4 13.00 94.00 107.00 NOTE

Check Details

Version: 1.0.4
Check: Rd files
Result: NOTE checkRd: (-1) SimMarkovChain.Rd:18: Lost braces; missing escapes or markup? 18 | starting from a state eta0 or the uniform distribution on {1,..., r} | ^ Flavors: r-devel-linux-x86_64-debian-clang, r-devel-linux-x86_64-debian-gcc, r-devel-linux-x86_64-fedora-clang, r-devel-linux-x86_64-fedora-gcc, r-prerel-macos-arm64, r-prerel-windows-x86_64, r-patched-linux-x86_64

Version: 1.0.4
Check: Rd \usage sections
Result: NOTE Documented arguments not in \usage in Rd file 'bootstrapfun.Rd': ‘DoF’ ‘n_sample’ Functions with \usage entries need to have the appropriate \alias entries, and all their arguments documented. The \usage entries must correspond to syntactically valid R code. See chapter ‘Writing R documentation files’ in the ‘Writing R Extensions’ manual. Flavors: r-devel-linux-x86_64-debian-clang, r-devel-linux-x86_64-debian-gcc, r-devel-linux-x86_64-fedora-clang, r-devel-linux-x86_64-fedora-gcc, r-prerel-macos-arm64, r-prerel-windows-x86_64, r-patched-linux-x86_64

Version: 1.0.4
Check: LazyData
Result: NOTE 'LazyData' is specified without a 'data' directory Flavors: r-devel-linux-x86_64-debian-clang, r-devel-linux-x86_64-debian-gcc, r-devel-linux-x86_64-fedora-clang, r-devel-linux-x86_64-fedora-gcc, r-prerel-macos-arm64, r-prerel-windows-x86_64, r-patched-linux-x86_64, r-release-linux-x86_64, r-release-macos-arm64, r-release-macos-x86_64, r-release-windows-x86_64, r-oldrel-macos-arm64, r-oldrel-windows-x86_64