CRAN Package Check Results for Package HGNChelper

Last updated on 2024-05-21 19:50:19 CEST.

Flavor Version Tinstall Tcheck Ttotal Status Flags
r-devel-linux-x86_64-debian-clang 0.8.14 8.04 55.56 63.60 OK
r-devel-linux-x86_64-debian-gcc 0.8.14 6.66 43.81 50.47 OK
r-devel-linux-x86_64-fedora-clang 0.8.14 81.37 OK
r-devel-linux-x86_64-fedora-gcc 0.8.14 90.29 OK
r-devel-windows-x86_64 0.8.14 7.00 64.00 71.00 OK
r-patched-linux-x86_64 0.8.1 4.10 33.13 37.23 OK
r-release-linux-x86_64 0.8.14 7.85 54.55 62.40 OK
r-release-macos-arm64 0.8.14 48.00 NOTE
r-release-macos-x86_64 0.8.14 125.00 NOTE
r-release-windows-x86_64 0.8.1 6.00 51.00 57.00 OK
r-oldrel-macos-arm64 0.8.14 56.00 NOTE
r-oldrel-macos-x86_64 0.8.14 118.00 NOTE
r-oldrel-windows-x86_64 0.8.14 8.00 77.00 85.00 NOTE

Check Details

Version: 0.8.14
Check: installed package size
Result: NOTE installed size is 5.1Mb sub-directories of 1Mb or more: data 4.7Mb Flavors: r-release-macos-arm64, r-release-macos-x86_64, r-oldrel-macos-arm64, r-oldrel-macos-x86_64, r-oldrel-windows-x86_64