CRAN Package Check Results for Package GxEScanR

Last updated on 2024-06-16 19:53:18 CEST.

Flavor Version Tinstall Tcheck Ttotal Status Flags
r-devel-linux-x86_64-debian-clang 2.0.2 74.23 95.05 169.28 NOTE
r-devel-linux-x86_64-debian-gcc 2.0.2 55.15 72.05 127.20 NOTE
r-devel-linux-x86_64-fedora-clang 2.0.2 235.30 NOTE
r-devel-linux-x86_64-fedora-gcc 2.0.2 246.38 NOTE
r-devel-windows-x86_64 2.0.2 57.00 106.00 163.00 NOTE
r-patched-linux-x86_64 2.0.2 72.62 90.03 162.65 NOTE
r-release-linux-x86_64 2.0.2 69.90 92.01 161.91 NOTE
r-release-macos-arm64 2.0.2 67.00 NOTE
r-release-macos-x86_64 2.0.2 87.00 NOTE
r-release-windows-x86_64 2.0.2 60.00 112.00 172.00 NOTE
r-oldrel-macos-arm64 2.0.2 70.00 NOTE
r-oldrel-macos-x86_64 2.0.2 115.00 NOTE
r-oldrel-windows-x86_64 2.0.2 75.00 128.00 203.00 NOTE

Check Details

Version: 2.0.2
Check: C++ specification
Result: NOTE Specified C++11: please drop specification unless essential Flavors: r-devel-linux-x86_64-debian-clang, r-devel-linux-x86_64-debian-gcc, r-devel-linux-x86_64-fedora-clang, r-devel-linux-x86_64-fedora-gcc, r-devel-windows-x86_64, r-patched-linux-x86_64, r-release-linux-x86_64, r-release-macos-arm64, r-release-macos-x86_64, r-release-windows-x86_64, r-oldrel-macos-arm64, r-oldrel-macos-x86_64, r-oldrel-windows-x86_64