CRAN Package Check Results for Package GiRaF

Last updated on 2024-06-18 19:49:09 CEST.

Flavor Version Tinstall Tcheck Ttotal Status Flags
r-devel-linux-x86_64-debian-clang 1.0.1 72.05 66.58 138.63 NOTE
r-devel-linux-x86_64-debian-gcc 1.0.1 58.19 49.76 107.95 NOTE
r-devel-linux-x86_64-fedora-clang 1.0.1 213.95 NOTE
r-devel-linux-x86_64-fedora-gcc 1.0.1 234.43 NOTE
r-devel-windows-x86_64 1.0.1 73.00 109.00 182.00 NOTE
r-patched-linux-x86_64 1.0.1 73.06 64.31 137.37 NOTE
r-release-linux-x86_64 1.0.1 72.35 66.15 138.50 NOTE
r-release-macos-arm64 1.0.1 54.00 NOTE
r-release-macos-x86_64 1.0.1 90.00 WARN
r-release-windows-x86_64 1.0.1 74.00 116.00 190.00 NOTE
r-oldrel-macos-arm64 1.0.1 63.00 NOTE
r-oldrel-macos-x86_64 1.0.1 96.00 NOTE
r-oldrel-windows-x86_64 1.0.1 86.00 127.00 213.00 NOTE

Check Details

Version: 1.0.1
Check: C++ specification
Result: NOTE Specified C++11: please drop specification unless essential Flavors: r-devel-linux-x86_64-debian-clang, r-devel-linux-x86_64-debian-gcc, r-devel-linux-x86_64-fedora-clang, r-devel-linux-x86_64-fedora-gcc, r-devel-windows-x86_64, r-patched-linux-x86_64, r-release-linux-x86_64, r-release-macos-arm64, r-release-macos-x86_64, r-release-windows-x86_64, r-oldrel-macos-arm64, r-oldrel-macos-x86_64, r-oldrel-windows-x86_64

Version: 1.0.1
Check: compiled code
Result: NOTE File ‘GiRaF/libs/GiRaF.so’: Found no calls to: ‘R_registerRoutines’, ‘R_useDynamicSymbols’ It is good practice to register native routines and to disable symbol search. See ‘Writing portable packages’ in the ‘Writing R Extensions’ manual. Flavors: r-devel-linux-x86_64-fedora-clang, r-devel-linux-x86_64-fedora-gcc

Version: 1.0.1
Check: installed package size
Result: NOTE installed size is 6.4Mb sub-directories of 1Mb or more: libs 6.0Mb Flavors: r-release-macos-arm64, r-release-macos-x86_64, r-oldrel-macos-arm64, r-oldrel-macos-x86_64

Version: 1.0.1
Check: re-building of vignette outputs
Result: WARN Error(s) in re-building vignettes: ... --- re-building ‘GiRaF_introduction.Rnw’ using knitr Error: processing vignette 'GiRaF_introduction.Rnw' failed with diagnostics: Running 'texi2dvi' on 'GiRaF_introduction.tex' failed. LaTeX errors: ! Undefined control sequence. l.484 \hldef {height} \hlkwb{<-} \hlnum{8} ? ! Emergency stop. ! Emergency stop. l.484 End of file on the terminal! ! ==> Fatal error occurred, no output PDF file produced! --- failed re-building ‘GiRaF_introduction.Rnw’ SUMMARY: processing the following file failed: ‘GiRaF_introduction.Rnw’ Error: Vignette re-building failed. Execution halted Flavor: r-release-macos-x86_64