CRAN Package Check Results for Package GLMpack

Last updated on 2024-05-30 07:58:53 CEST.

Flavor Version Tinstall Tcheck Ttotal Status Flags
r-devel-linux-x86_64-debian-clang 0.1.0 1.97 39.78 41.75 OK
r-devel-linux-x86_64-debian-gcc 0.1.0 2.05 29.27 31.32 OK
r-devel-linux-x86_64-fedora-clang 0.1.0 52.06 NOTE
r-devel-linux-x86_64-fedora-gcc 0.1.0 54.73 NOTE
r-devel-windows-x86_64 0.1.0 5.00 56.00 61.00 OK
r-patched-linux-x86_64 0.1.0 2.54 37.92 40.46 OK
r-release-linux-x86_64 0.1.0 2.72 38.09 40.81 OK
r-release-macos-arm64 0.1.0 20.00 OK
r-release-windows-x86_64 0.1.0 4.00 77.00 81.00 OK
r-oldrel-macos-arm64 0.1.0 24.00 OK
r-oldrel-macos-x86_64 0.1.0 29.00 OK
r-oldrel-windows-x86_64 0.1.0 5.00 63.00 68.00 OK

Check Details

Version: 0.1.0
Check: dependencies in R code
Result: NOTE Namespaces in Imports field not imported from: ‘AER’ ‘MASS’ ‘Matrix’ ‘censReg’ ‘effects’ ‘foreign’ ‘lme4’ ‘lmtest’ ‘nnet’ ‘pBrackets’ ‘plm’ ‘pscl’ ‘sandwich’ All declared Imports should be used. Flavors: r-devel-linux-x86_64-fedora-clang, r-devel-linux-x86_64-fedora-gcc