CRAN Package Check Results for Package GGIR

Last updated on 2025-01-25 09:49:16 CET.

Flavor Version Tinstall Tcheck Ttotal Status Flags
r-devel-linux-x86_64-debian-clang 3.1-5 28.33 231.76 260.09 OK
r-devel-linux-x86_64-debian-gcc 3.1-5 16.81 149.34 166.15 OK
r-devel-linux-x86_64-fedora-clang 3.1-5 423.49 OK
r-devel-linux-x86_64-fedora-gcc 3.1-5 436.11 OK
r-devel-windows-x86_64 3.1-5 31.00 260.00 291.00 OK
r-patched-linux-x86_64 3.1-5 34.71 213.85 248.56 OK
r-release-linux-x86_64 3.1-5 28.65 214.11 242.76 OK
r-release-macos-arm64 3.1-5 129.00 NOTE
r-release-macos-x86_64 3.1-5 172.00 NOTE
r-release-windows-x86_64 3.1-5 28.00 260.00 288.00 NOTE
r-oldrel-macos-arm64 3.1-5 173.00 NOTE
r-oldrel-macos-x86_64 3.1-5 172.00 NOTE
r-oldrel-windows-x86_64 3.1-5 41.00 310.00 351.00 NOTE

Check Details

Version: 3.1-5
Check: installed package size
Result: NOTE installed size is 10.0Mb sub-directories of 1Mb or more: R 1.1Mb doc 7.3Mb Flavors: r-release-macos-arm64, r-release-macos-x86_64, r-release-windows-x86_64, r-oldrel-macos-arm64, r-oldrel-macos-x86_64, r-oldrel-windows-x86_64