CRAN Package Check Results for Package GEEaSPU

Last updated on 2024-07-24 20:52:22 CEST.

Flavor Version Tinstall Tcheck Ttotal Status Flags
r-devel-linux-x86_64-debian-clang 1.0.2 48.07 30.39 78.46 OK
r-devel-linux-x86_64-debian-gcc 1.0.2 29.30 22.83 52.13 OK
r-devel-linux-x86_64-fedora-clang 1.0.2 114.11 NOTE
r-devel-linux-x86_64-fedora-gcc 1.0.2 109.68 NOTE
r-devel-windows-x86_64 1.0.2 34.00 68.00 102.00 OK
r-patched-linux-x86_64 1.0.2 37.51 29.17 66.68 OK
r-release-linux-x86_64 1.0.2 36.57 29.22 65.79 OK
r-release-macos-arm64 1.0.2 30.00 OK
r-release-macos-x86_64 1.0.2 76.00 OK
r-release-windows-x86_64 1.0.2 39.00 69.00 108.00 OK
r-oldrel-macos-arm64 1.0.2 35.00 OK
r-oldrel-macos-x86_64 1.0.2 54.00 OK
r-oldrel-windows-x86_64 1.0.2 41.00 77.00 118.00 OK

Check Details

Version: 1.0.2
Check: compiled code
Result: NOTE File ‘GEEaSPU/libs/GEEaSPU.so’: Found no calls to: ‘R_registerRoutines’, ‘R_useDynamicSymbols’ It is good practice to register native routines and to disable symbol search. See ‘Writing portable packages’ in the ‘Writing R Extensions’ manual. Flavors: r-devel-linux-x86_64-fedora-clang, r-devel-linux-x86_64-fedora-gcc