CRAN Package Check Results for Package GB2group

Last updated on 2025-01-18 19:49:07 CET.

Flavor Version Tinstall Tcheck Ttotal Status Flags
r-devel-linux-x86_64-debian-clang 0.3.0 9.79 74.32 84.11 OK
r-devel-linux-x86_64-debian-gcc 0.3.0 7.14 54.01 61.15 OK
r-devel-linux-x86_64-fedora-clang 0.3.0 135.96 OK
r-devel-linux-x86_64-fedora-gcc 0.3.0 128.22 OK
r-devel-windows-x86_64 0.3.0 11.00 81.00 92.00 OK
r-patched-linux-x86_64 0.3.0 9.75 69.73 79.48 NOTE
r-release-linux-x86_64 0.3.0 9.03 69.85 78.88 NOTE
r-release-macos-arm64 0.3.0 35.00 NOTE
r-release-macos-x86_64 0.3.0 56.00 NOTE
r-release-windows-x86_64 0.3.0 9.00 83.00 92.00 NOTE
r-oldrel-macos-arm64 0.3.0 42.00 NOTE
r-oldrel-macos-x86_64 0.3.0 67.00 NOTE
r-oldrel-windows-x86_64 0.3.0 14.00 98.00 112.00 NOTE

Check Details

Version: 0.3.0
Check: LazyData
Result: NOTE 'LazyData' is specified without a 'data' directory Flavors: r-patched-linux-x86_64, r-release-linux-x86_64, r-release-macos-arm64, r-release-macos-x86_64, r-release-windows-x86_64, r-oldrel-macos-arm64, r-oldrel-macos-x86_64, r-oldrel-windows-x86_64