CRAN Package Check Results for Package GAparsimony

Last updated on 2024-04-16 19:49:25 CEST.

Flavor Version Tinstall Tcheck Ttotal Status Flags
r-devel-linux-x86_64-debian-clang 0.9.5 4.25 35.19 39.44 OK
r-devel-linux-x86_64-debian-gcc 0.9.5 3.50 25.62 29.12 OK
r-devel-linux-x86_64-fedora-clang 0.9.5 48.02 OK
r-devel-linux-x86_64-fedora-gcc 0.9.5 46.09 OK
r-prerel-macos-arm64 0.9.5 18.00 OK
r-prerel-windows-x86_64 0.9.5 5.00 46.00 51.00 OK
r-patched-linux-x86_64 0.9.5 5.15 33.65 38.80 OK
r-release-linux-x86_64 0.9.5 4.50 33.69 38.19 OK
r-release-macos-arm64 0.9.5 21.00 OK
r-release-macos-x86_64 0.9.5 27.00 NOTE
r-release-windows-x86_64 0.9.5 6.00 51.00 57.00 OK
r-oldrel-macos-arm64 0.9.5 19.00 OK
r-oldrel-windows-x86_64 0.9.5 8.00 56.00 64.00 OK

Check Details

Version: 0.9.5
Check: package dependencies
Result: NOTE Package suggested but not available for checking: ‘caret’ Flavor: r-release-macos-x86_64