CRAN Package Check Results for Package FuncNN

Last updated on 2024-04-16 19:49:25 CEST.

Flavor Version Tinstall Tcheck Ttotal Status Flags
r-devel-linux-x86_64-debian-clang 1.0 21.86 159.73 181.59 OK
r-devel-linux-x86_64-debian-gcc 1.0 15.77 115.25 131.02 OK
r-devel-linux-x86_64-fedora-clang 1.0 235.76 NOTE
r-devel-linux-x86_64-fedora-gcc 1.0 214.79 NOTE
r-prerel-macos-arm64 1.0 58.00 OK
r-prerel-windows-x86_64 1.0 18.00 125.00 143.00 OK
r-patched-linux-x86_64 1.0 17.22 150.01 167.23 OK
r-release-linux-x86_64 1.0 17.36 151.39 168.75 OK
r-release-macos-arm64 1.0 66.00 OK
r-release-macos-x86_64 1.0 107.00 OK
r-release-windows-x86_64 1.0 27.00 155.00 182.00 OK
r-oldrel-macos-arm64 1.0 56.00 NOTE
r-oldrel-windows-x86_64 1.0 24.00 147.00 171.00 OK

Additional issues

donttest

Check Details

Version: 1.0
Check: dependencies in R code
Result: NOTE Namespace in Imports field not imported from: ‘foreach’ All declared Imports should be used. Flavors: r-devel-linux-x86_64-fedora-clang, r-devel-linux-x86_64-fedora-gcc, r-oldrel-macos-arm64