CRAN Package Check Results for Package FSelector

Last updated on 2024-07-12 20:48:18 CEST.

Flavor Version Tinstall Tcheck Ttotal Status Flags
r-devel-linux-x86_64-debian-clang 0.34 7.23 81.14 88.37 NOTE
r-devel-linux-x86_64-debian-gcc 0.34 6.94 59.66 66.60 NOTE
r-devel-linux-x86_64-fedora-clang 0.34 116.68 NOTE
r-devel-linux-x86_64-fedora-gcc 0.34 114.96 NOTE
r-devel-windows-x86_64 0.34 8.00 76.00 84.00 NOTE
r-patched-linux-x86_64 0.34 7.69 76.87 84.56 NOTE
r-release-linux-x86_64 0.34 8.07 77.34 85.41 NOTE
r-release-macos-arm64 0.34 30.00 NOTE
r-release-macos-x86_64 0.34 43.00 NOTE
r-release-windows-x86_64 0.34 9.00 77.00 86.00 NOTE
r-oldrel-macos-arm64 0.34 37.00 OK
r-oldrel-macos-x86_64 0.34 71.00 OK
r-oldrel-windows-x86_64 0.34 9.00 85.00 94.00 OK

Check Details

Version: 0.34
Check: Rd files
Result: NOTE checkRd: (-1) FSelector-package.Rd:14: Lost braces in \itemize; meant \describe ? checkRd: (-1) FSelector-package.Rd:15: Lost braces in \itemize; meant \describe ? checkRd: (-1) FSelector-package.Rd:16: Lost braces in \itemize; meant \describe ? checkRd: (-1) FSelector-package.Rd:17: Lost braces in \itemize; meant \describe ? checkRd: (-1) relief.Rd:21: Lost braces in \itemize; meant \describe ? checkRd: (-1) relief.Rd:22: Lost braces in \itemize; meant \describe ? Flavors: r-devel-linux-x86_64-debian-clang, r-devel-linux-x86_64-debian-gcc, r-devel-linux-x86_64-fedora-clang, r-devel-linux-x86_64-fedora-gcc, r-devel-windows-x86_64, r-patched-linux-x86_64, r-release-linux-x86_64, r-release-macos-arm64, r-release-macos-x86_64, r-release-windows-x86_64