Last updated on 2023-01-31 17:54:04 CET.
Flavor | Version | Tinstall | Tcheck | Ttotal | Status | Flags |
---|---|---|---|---|---|---|
r-devel-linux-x86_64-debian-clang | 1.1.2 | 9.96 | 81.03 | 90.99 | NOTE | |
r-devel-linux-x86_64-debian-gcc | 1.1.2 | 7.45 | 60.34 | 67.79 | NOTE | |
r-devel-linux-x86_64-fedora-clang | 1.1.2 | 114.33 | NOTE | |||
r-devel-linux-x86_64-fedora-gcc | 1.1.2 | 110.35 | NOTE | |||
r-devel-windows-x86_64 | 1.1.2 | 14.00 | 113.00 | 127.00 | NOTE | |
r-patched-linux-x86_64 | 1.1.2 | 8.53 | 75.90 | 84.43 | NOTE | |
r-release-linux-x86_64 | 1.1.2 | 7.91 | 75.62 | 83.53 | NOTE | |
r-release-macos-arm64 | 1.1.2 | 28.00 | NOTE | |||
r-release-macos-x86_64 | 1.1.2 | 47.00 | NOTE | |||
r-release-windows-x86_64 | 1.1.2 | 17.00 | 112.00 | 129.00 | NOTE | |
r-oldrel-macos-arm64 | 1.1.2 | 42.00 | NOTE | |||
r-oldrel-macos-x86_64 | 1.1.2 | 50.00 | NOTE | |||
r-oldrel-windows-ix86+x86_64 | 1.1.2 | 18.00 | 103.00 | 121.00 | NOTE |
Version: 1.1.2
Check: LazyData
Result: NOTE
'LazyData' is specified without a 'data' directory
Flavors: r-devel-linux-x86_64-debian-clang, r-devel-linux-x86_64-debian-gcc, r-devel-linux-x86_64-fedora-clang, r-devel-linux-x86_64-fedora-gcc, r-devel-windows-x86_64, r-patched-linux-x86_64, r-release-linux-x86_64, r-release-macos-arm64, r-release-macos-x86_64, r-release-windows-x86_64, r-oldrel-macos-arm64, r-oldrel-macos-x86_64, r-oldrel-windows-ix86+x86_64