CRAN Package Check Results for Package ExtDist

Last updated on 2024-06-14 07:52:59 CEST.

Flavor Version Tinstall Tcheck Ttotal Status Flags
r-devel-linux-x86_64-debian-clang 0.7-2 5.10 82.13 87.23 OK
r-devel-linux-x86_64-debian-gcc 0.7-2 4.72 58.76 63.48 OK
r-devel-linux-x86_64-fedora-clang 0.7-2 104.27 OK
r-devel-linux-x86_64-fedora-gcc 0.7-2 113.31 OK
r-devel-windows-x86_64 0.7-2 6.00 94.00 100.00 OK
r-patched-linux-x86_64 0.7-2 4.48 75.00 79.48 OK
r-release-linux-x86_64 0.7-2 3.80 74.21 78.01 OK
r-release-macos-arm64 0.7-2 42.00 OK
r-release-macos-x86_64 0.7-2 62.00 OK
r-release-windows-x86_64 0.7-2 6.00 42.00 48.00 FAIL
r-oldrel-macos-arm64 0.7-2 46.00 OK
r-oldrel-macos-x86_64 0.7-2 91.00 OK
r-oldrel-windows-x86_64 0.7-2 8.00 103.00 111.00 OK

Check Details

Version: 0.7-2
Check: S3 generic/method consistency
Result: WARN Mingw-w64 runtime failure: VirtualProtect failed with code 0x5af See section 'Generic functions and methods' in the 'Writing R Extensions' manual. Flavor: r-release-windows-x86_64

Version: 0.7-2
Check: replacement functions
Result: FAIL
Flavor: r-release-windows-x86_64