CRAN Package Check Results for Package EasyDescribe

Last updated on 2024-06-12 19:54:17 CEST.

Flavor Version Tinstall Tcheck Ttotal Status Flags
r-devel-linux-x86_64-debian-clang 0.1.2 14.78 108.78 123.56 OK
r-devel-linux-x86_64-debian-gcc 0.1.2 0.43 1.93 2.36 ERROR
r-devel-linux-x86_64-fedora-clang 0.1.2 154.70 OK
r-devel-linux-x86_64-fedora-gcc 0.1.2 152.20 OK
r-devel-windows-x86_64 0.1.2 13.00 90.00 103.00 OK
r-patched-linux-x86_64 0.1.2 14.99 100.27 115.26 OK
r-release-linux-x86_64 0.1.2 13.33 99.55 112.88 OK
r-release-macos-arm64 0.1.2 50.00 OK
r-release-macos-x86_64 0.1.2 72.00 OK
r-release-windows-x86_64 0.1.2 12.00 75.00 87.00 FAIL
r-oldrel-macos-arm64 0.1.2 50.00 OK
r-oldrel-macos-x86_64 0.1.2 96.00 OK
r-oldrel-windows-x86_64 0.1.2 16.00 113.00 129.00 OK

Check Details

Version: 0.1.2
Check: package dependencies
Result: ERROR Packages required but not available: 'rcompanion', 'FSA', 'car' See section ‘The DESCRIPTION file’ in the ‘Writing R Extensions’ manual. Flavor: r-devel-linux-x86_64-debian-gcc

Version: 0.1.2
Check: Rd cross-references
Result: WARN Fatal error: couldn't allocate memory for pointer stack Flavor: r-release-windows-x86_64

Version: 0.1.2
Check: HTML version of manual
Result: FAIL
Flavor: r-release-windows-x86_64