CRAN Package Check Results for Package EFA.MRFA

Last updated on 2024-06-16 19:53:15 CEST.

Flavor Version Tinstall Tcheck Ttotal Status Flags
r-devel-linux-x86_64-debian-clang 1.1.2 4.88 46.69 51.57 OK
r-devel-linux-x86_64-debian-gcc 1.1.2 2.92 33.22 36.14 OK
r-devel-linux-x86_64-fedora-clang 1.1.2 60.89 NOTE
r-devel-linux-x86_64-fedora-gcc 1.1.2 56.28 NOTE
r-devel-windows-x86_64 1.1.2 5.00 52.00 57.00 OK
r-patched-linux-x86_64 1.1.2 5.07 43.35 48.42 OK
r-release-linux-x86_64 1.1.2 3.92 43.42 47.34 OK
r-release-macos-arm64 1.1.2 22.00 OK
r-release-macos-x86_64 1.1.2 30.00 OK
r-release-windows-x86_64 1.1.2 6.00 59.00 65.00 OK
r-oldrel-macos-arm64 1.1.2 21.00 OK
r-oldrel-macos-x86_64 1.1.2 31.00 OK
r-oldrel-windows-x86_64 1.1.2 6.00 59.00 65.00 OK

Check Details

Version: 1.1.2
Check: dependencies in R code
Result: NOTE Namespace in Imports field not imported from: ‘PCovR’ All declared Imports should be used. Flavors: r-devel-linux-x86_64-fedora-clang, r-devel-linux-x86_64-fedora-gcc