CRAN Package Check Results for Package ECLRMC

Last updated on 2023-01-26 18:49:19 CET.

Flavor Version Tinstall Tcheck Ttotal Status Flags
r-devel-linux-x86_64-debian-clang 1.0 7.23 66.18 73.41 NOTE
r-devel-linux-x86_64-debian-gcc 1.0 5.81 51.36 57.17 NOTE
r-devel-linux-x86_64-fedora-clang 1.0 94.11 NOTE
r-devel-linux-x86_64-fedora-gcc 1.0 93.21 NOTE
r-devel-windows-x86_64 1.0 12.00 90.00 102.00 NOTE
r-patched-linux-x86_64 1.0 7.19 66.05 73.24 NOTE
r-release-linux-x86_64 1.0 7.32 66.26 73.58 NOTE
r-release-macos-arm64 1.0 30.00 NOTE
r-release-macos-x86_64 1.0 42.00 NOTE
r-release-windows-x86_64 1.0 12.00 92.00 104.00 NOTE
r-oldrel-macos-arm64 1.0 34.00 NOTE
r-oldrel-macos-x86_64 1.0 58.00 NOTE
r-oldrel-windows-ix86+x86_64 1.0 17.00 87.00 104.00 NOTE

Check Details

Version: 1.0
Check: LazyData
Result: NOTE
     'LazyData' is specified without a 'data' directory
Flavors: r-devel-linux-x86_64-debian-clang, r-devel-linux-x86_64-debian-gcc, r-devel-linux-x86_64-fedora-clang, r-devel-linux-x86_64-fedora-gcc, r-devel-windows-x86_64, r-patched-linux-x86_64, r-release-linux-x86_64, r-release-macos-arm64, r-release-macos-x86_64, r-release-windows-x86_64, r-oldrel-macos-arm64, r-oldrel-macos-x86_64, r-oldrel-windows-ix86+x86_64