CRAN Package Check Results for Package DominoDataR

Last updated on 2024-06-18 07:57:25 CEST.

Flavor Version Tinstall Tcheck Ttotal Status Flags
r-devel-linux-x86_64-debian-clang 0.2.3 7.86 91.50 99.36 NOTE
r-devel-linux-x86_64-debian-gcc 0.2.3 6.59 69.25 75.84 NOTE
r-devel-linux-x86_64-fedora-clang 0.2.3 127.93 NOTE
r-devel-linux-x86_64-fedora-gcc 0.2.3 116.85 NOTE
r-devel-windows-x86_64 0.2.3 8.00 107.00 115.00 NOTE
r-patched-linux-x86_64 0.2.3 8.64 87.58 96.22 NOTE
r-release-linux-x86_64 0.2.3 8.00 87.56 95.56 NOTE
r-release-macos-arm64 0.2.3 36.00 NOTE
r-release-macos-x86_64 0.2.3 57.00 NOTE
r-release-windows-x86_64 0.2.3 9.00 58.00 67.00 ERROR
r-oldrel-macos-arm64 0.2.3 42.00 OK
r-oldrel-macos-x86_64 0.2.3 97.00 OK
r-oldrel-windows-x86_64 0.2.3 11.00 110.00 121.00 OK

Check Details

Version: 0.2.3
Check: Rd files
Result: NOTE checkRd: (-1) py_select_interpreter.Rd:5: Lost braces; missing escapes or markup? 5 | \title{Tell {reticulate} to use Python Conda version available on Domino Data Lab.} | ^ Flavors: r-devel-linux-x86_64-debian-clang, r-devel-linux-x86_64-debian-gcc, r-devel-linux-x86_64-fedora-clang, r-devel-linux-x86_64-fedora-gcc, r-devel-windows-x86_64, r-patched-linux-x86_64, r-release-linux-x86_64, r-release-macos-arm64, r-release-macos-x86_64, r-release-windows-x86_64

Version: 0.2.3
Check: dependencies in R code
Result: NOTE Fatal error: couldn't allocate node stack Flavor: r-release-windows-x86_64

Version: 0.2.3
Check: replacement functions
Result: WARN Fatal error: couldn't allocate node stack The argument of a replacement function which corresponds to the right hand side must be named 'value'. Flavor: r-release-windows-x86_64

Version: 0.2.3
Check: Rd metadata
Result: NOTE Error: memory exhausted Execution halted Flavor: r-release-windows-x86_64

Version: 0.2.3
Check: for code/documentation mismatches
Result: WARN Fatal error: couldn't allocate node stack Flavor: r-release-windows-x86_64

Version: 0.2.3
Check: examples
Result: ERROR Running massageExamples to create 'DominoDataR-Ex.R' failed NONE Flavor: r-release-windows-x86_64

Version: 0.2.3
Check: tests
Result: ERROR
Flavor: r-release-windows-x86_64