CRAN Package Check Results for Package Distributacalcul

Last updated on 2024-05-27 19:53:55 CEST.

Flavor Version Tinstall Tcheck Ttotal Status Flags
r-devel-linux-x86_64-debian-clang 0.4.0 6.64 42.50 49.14 OK
r-devel-linux-x86_64-debian-gcc 0.4.0 4.14 30.93 35.07 OK
r-devel-linux-x86_64-fedora-clang 0.4.0 58.20 NOTE
r-devel-linux-x86_64-fedora-gcc 0.4.0 55.37 NOTE
r-devel-windows-x86_64 0.4.0 6.00 56.00 62.00 OK
r-patched-linux-x86_64 0.4.0 6.49 40.00 46.49 OK
r-release-linux-x86_64 0.4.0 4.30 40.93 45.23 OK
r-release-macos-arm64 0.4.0 22.00 OK
r-release-windows-x86_64 0.4.0 6.00 57.00 63.00 OK
r-oldrel-macos-arm64 0.4.0 25.00 OK
r-oldrel-macos-x86_64 0.4.0 38.00 OK
r-oldrel-windows-x86_64 0.4.0 7.00 65.00 72.00 OK

Check Details

Version: 0.4.0
Check: dependencies in R code
Result: NOTE Namespaces in Imports field not imported from: ‘dplyr’ ‘rlang’ All declared Imports should be used. Flavors: r-devel-linux-x86_64-fedora-clang, r-devel-linux-x86_64-fedora-gcc