CRAN Package Check Results for Package DRAYL

Last updated on 2024-06-24 07:53:31 CEST.

Flavor Version Tinstall Tcheck Ttotal Status Flags
r-devel-linux-x86_64-debian-clang 1.0 2.20 40.64 42.84 NOTE
r-devel-linux-x86_64-debian-gcc 1.0 2.55 29.87 32.42 NOTE
r-devel-linux-x86_64-fedora-clang 1.0 53.39 NOTE
r-devel-linux-x86_64-fedora-gcc 1.0 50.80 NOTE
r-devel-windows-x86_64 1.0 4.00 50.00 54.00 NOTE
r-patched-linux-x86_64 1.0 3.22 38.83 42.05 NOTE
r-release-linux-x86_64 1.0 3.25 38.27 41.52 NOTE
r-release-macos-arm64 1.0 19.00 NOTE
r-release-macos-x86_64 1.0 29.00 NOTE
r-release-windows-x86_64 1.0 3.00 50.00 53.00 NOTE
r-oldrel-macos-arm64 1.0 21.00 NOTE
r-oldrel-macos-x86_64 1.0 29.00 NOTE
r-oldrel-windows-x86_64 1.0 4.00 56.00 60.00 NOTE

Check Details

Version: 1.0
Check: LazyData
Result: NOTE 'LazyData' is specified without a 'data' directory Flavors: r-devel-linux-x86_64-debian-clang, r-devel-linux-x86_64-debian-gcc, r-devel-linux-x86_64-fedora-clang, r-devel-linux-x86_64-fedora-gcc, r-devel-windows-x86_64, r-patched-linux-x86_64, r-release-linux-x86_64, r-release-macos-arm64, r-release-macos-x86_64, r-release-windows-x86_64, r-oldrel-macos-arm64, r-oldrel-macos-x86_64, r-oldrel-windows-x86_64