CRAN Package Check Results for Package DCCA

Last updated on 2024-06-16 19:53:14 CEST.

Flavor Version Tinstall Tcheck Ttotal Status Flags
r-devel-linux-x86_64-debian-clang 0.1.1 6.53 27.30 33.83 NOTE
r-devel-linux-x86_64-debian-gcc 0.1.1 4.89 20.91 25.80 NOTE
r-devel-linux-x86_64-fedora-clang 0.1.1 41.58 NOTE
r-devel-linux-x86_64-fedora-gcc 0.1.1 44.34 NOTE
r-devel-windows-x86_64 0.1.1 9.00 49.00 58.00 NOTE
r-patched-linux-x86_64 0.1.1 6.38 26.30 32.68 NOTE
r-release-linux-x86_64 0.1.1 7.30 26.32 33.62 NOTE
r-release-macos-arm64 0.1.1 20.00 NOTE
r-release-macos-x86_64 0.1.1 26.00 NOTE
r-release-windows-x86_64 0.1.1 8.00 50.00 58.00 NOTE
r-oldrel-macos-arm64 0.1.1 20.00 NOTE
r-oldrel-macos-x86_64 0.1.1 28.00 NOTE
r-oldrel-windows-x86_64 0.1.1 9.00 51.00 60.00 NOTE

Check Details

Version: 0.1.1
Check: LazyData
Result: NOTE 'LazyData' is specified without a 'data' directory Flavors: r-devel-linux-x86_64-debian-clang, r-devel-linux-x86_64-debian-gcc, r-devel-linux-x86_64-fedora-clang, r-devel-linux-x86_64-fedora-gcc, r-devel-windows-x86_64, r-patched-linux-x86_64, r-release-linux-x86_64, r-release-macos-arm64, r-release-macos-x86_64, r-release-windows-x86_64, r-oldrel-macos-arm64, r-oldrel-macos-x86_64, r-oldrel-windows-x86_64

Version: 0.1.1
Check: installed package size
Result: NOTE installed size is 5.6Mb sub-directories of 1Mb or more: libs 5.4Mb Flavor: r-devel-linux-x86_64-fedora-clang