CRAN Package Check Results for Package DALEXtra

Last updated on 2025-01-19 19:48:17 CET.

Flavor Version Tinstall Tcheck Ttotal Status Flags
r-devel-linux-x86_64-debian-clang 2.3.0 6.14 265.42 271.56 OK
r-devel-linux-x86_64-debian-gcc 2.3.0 4.26 195.93 200.19 OK
r-devel-linux-x86_64-fedora-clang 2.3.0 429.12 OK
r-devel-linux-x86_64-fedora-gcc 2.3.0 433.92 OK
r-devel-windows-x86_64 2.3.0 12.00 397.00 409.00 OK
r-patched-linux-x86_64 2.3.0 6.13 254.45 260.58 NOTE
r-release-linux-x86_64 2.3.0 4.54 255.22 259.76 OK
r-release-macos-arm64 2.3.0 145.00 OK
r-release-macos-x86_64 2.3.0 203.00 OK
r-release-windows-x86_64 2.3.0 11.00 404.00 415.00 OK
r-oldrel-macos-arm64 2.3.0 150.00 OK
r-oldrel-macos-x86_64 2.3.0 286.00 OK
r-oldrel-windows-x86_64 2.3.0 11.00 510.00 521.00 OK

Check Details

Version: 2.3.0
Check: package dependencies
Result: NOTE Package suggested but not available for checking: ‘h2o’ Flavor: r-patched-linux-x86_64